{"id":2474,"date":"2023-06-08T09:51:22","date_gmt":"2023-06-08T09:51:22","guid":{"rendered":"https:\/\/canpamplona.com\/?elementskit_template=header"},"modified":"2026-01-08T18:07:32","modified_gmt":"2026-01-08T18:07:32","slug":"header","status":"publish","type":"elementskit_template","link":"https:\/\/canpamplona.com\/ca\/?elementskit_template=header","title":{"rendered":"Header"},"featured_media":0,"template":"elementor_canvas","meta":{"site-sidebar-layout":"no-sidebar","site-content-layout":"page-builder","ast-site-content-layout":"","site-content-style":"default","site-sidebar-style":"default","ast-global-header-display":"","ast-banner-title-visibility":"","ast-main-header-display":"","ast-hfb-above-header-display":"","ast-hfb-below-header-display":"","ast-hfb-mobile-header-display":"","site-post-title":"disabled","ast-breadcrumbs-content":"","ast-featured-img":"disabled","footer-sml-layout":"","theme-transparent-header-meta":"","adv-header-id-meta":"","stick-header-meta":"","header-above-stick-meta":"","header-main-stick-meta":"","header-below-stick-meta":"","astra-migrate-meta-layouts":"default","ast-page-background-enabled":"default","ast-page-background-meta":{"desktop":{"background-color":"","background-image":"","background-repeat":"repeat","background-position":"center center","background-size":"auto","background-attachment":"scroll","background-type":"","background-media":"","overlay-type":"","overlay-color":"","overlay-gradient":""},"tablet":{"background-color":"","background-image":"","background-repeat":"repeat","background-position":"center center","background-size":"auto","background-attachment":"scroll","background-type":"","background-media":"","overlay-type":"","overlay-color":"","overlay-gradient":""},"mobile":{"background-color":"","background-image":"","background-repeat":"repeat","background-position":"center center","background-size":"auto","background-attachment":"scroll","background-type":"","background-media":"","overlay-type":"","overlay-color":"","overlay-gradient":""}},"ast-content-background-meta":{"desktop":{"background-color":"var(--ast-global-color-5)","background-image":"","background-repeat":"repeat","background-position":"center center","background-size":"auto","background-attachment":"scroll","background-type":"","background-media":"","overlay-type":"","overlay-color":"","overlay-gradient":""},"tablet":{"background-color":"var(--ast-global-color-5)","background-image":"","background-repeat":"repeat","background-position":"center center","background-size":"auto","background-attachment":"scroll","background-type":"","background-media":"","overlay-type":"","overlay-color":"","overlay-gradient":""},"mobile":{"background-color":"var(--ast-global-color-5)","background-image":"","background-repeat":"repeat","background-position":"center center","background-size":"auto","background-attachment":"scroll","background-type":"","background-media":"","overlay-type":"","overlay-color":"","overlay-gradient":""}}},"class_list":["post-2474","elementskit_template","type-elementskit_template","status-publish","hentry"],"yoast_head":"<!-- This site is optimized with the Yoast SEO plugin v27.1.1 - https:\/\/yoast.com\/product\/yoast-seo-wordpress\/ -->\n<title>Header - Hotel Can Pamplona | Hotel En Vic | Web Oficial<\/title>\n<meta name=\"robots\" content=\"index, follow, max-snippet:-1, max-image-preview:large, max-video-preview:-1\" \/>\n<link rel=\"canonical\" href=\"https:\/\/canpamplona.com\/ca\/?elementskit_template=header\" \/>\n<meta property=\"og:locale\" content=\"ca_ES\" \/>\n<meta property=\"og:type\" content=\"article\" \/>\n<meta property=\"og:title\" content=\"Header - Hotel Can Pamplona | Hotel En Vic | Web Oficial\" \/>\n<meta property=\"og:description\" content=\"Oferta web 5% (+34) 93 883 31 12 Facebook Instagram Inicio Habitaciones Reserva tu estancia hoy mismo Consulta disponibilidad en las fechas de tu preferencia para dar inicio a tu experiencia en Hotel Can Pamplona Consultar disponibilidad Ver todas las habitaciones Servicios e instalaciones El Hotel Descubre nuestro hotel con encanto en el centro de [&hellip;]\" \/>\n<meta property=\"og:url\" content=\"https:\/\/canpamplona.com\/ca\/?elementskit_template=header\" \/>\n<meta property=\"og:site_name\" content=\"Hotel Can Pamplona | Hotel En Vic | Web Oficial\" \/>\n<meta property=\"article:publisher\" content=\"https:\/\/www.facebook.com\/HotelCanPamplona\" \/>\n<meta property=\"article:modified_time\" content=\"2026-01-08T18:07:32+00:00\" \/>\n<meta property=\"og:image\" content=\"https:\/\/canpamplona.com\/wp-content\/uploads\/2023\/06\/cropped-LogoCanPamplonatopocolor-02-removebg-preview-1-300x300.png\" \/>\n<meta name=\"twitter:card\" content=\"summary_large_image\" \/>\n<meta name=\"twitter:label1\" content=\"Temps estimat de lectura\" \/>\n\t<meta name=\"twitter:data1\" content=\"8 minuts\" \/>\n<script type=\"application\/ld+json\" class=\"yoast-schema-graph\">{\"@context\":\"https:\/\/schema.org\",\"@graph\":[{\"@type\":\"WebPage\",\"@id\":\"https:\/\/canpamplona.com\/?elementskit_template=header\",\"url\":\"https:\/\/canpamplona.com\/?elementskit_template=header\",\"name\":\"Header - Hotel Can Pamplona | Hotel En Vic | Web Oficial\",\"isPartOf\":{\"@id\":\"\/#website\"},\"primaryImageOfPage\":{\"@id\":\"https:\/\/canpamplona.com\/?elementskit_template=header#primaryimage\"},\"image\":{\"@id\":\"https:\/\/canpamplona.com\/?elementskit_template=header#primaryimage\"},\"thumbnailUrl\":\"https:\/\/canpamplona.com\/wp-content\/uploads\/2023\/06\/cropped-LogoCanPamplonatopocolor-02-removebg-preview-1-300x300.png\",\"datePublished\":\"2023-06-08T09:51:22+00:00\",\"dateModified\":\"2026-01-08T18:07:32+00:00\",\"breadcrumb\":{\"@id\":\"https:\/\/canpamplona.com\/?elementskit_template=header#breadcrumb\"},\"inLanguage\":\"ca\",\"potentialAction\":[{\"@type\":\"ReadAction\",\"target\":[\"https:\/\/canpamplona.com\/?elementskit_template=header\"]}]},{\"@type\":\"ImageObject\",\"inLanguage\":\"ca\",\"@id\":\"https:\/\/canpamplona.com\/?elementskit_template=header#primaryimage\",\"url\":\"https:\/\/canpamplona.com\/wp-content\/uploads\/2023\/06\/cropped-LogoCanPamplonatopocolor-02-removebg-preview-1-300x300.png\",\"contentUrl\":\"https:\/\/canpamplona.com\/wp-content\/uploads\/2023\/06\/cropped-LogoCanPamplonatopocolor-02-removebg-preview-1-300x300.png\"},{\"@type\":\"BreadcrumbList\",\"@id\":\"https:\/\/canpamplona.com\/?elementskit_template=header#breadcrumb\",\"itemListElement\":[{\"@type\":\"ListItem\",\"position\":1,\"name\":\"Portada\",\"item\":\"https:\/\/canpamplona.com\/\"},{\"@type\":\"ListItem\",\"position\":2,\"name\":\"Header\"}]},{\"@type\":\"WebSite\",\"@id\":\"\/#website\",\"url\":\"\/\",\"name\":\"Hotel Can Pamplona | Hotel En Vic | Web Oficial\",\"description\":\"Hotel Can Pamplona es un hotel en Vic B&amp;B. Un hotel urbano rehabilitado con un estilo moderno y al precio m\u00e1s econ\u00f3mico. Reserva aqu\u00ed.\",\"publisher\":{\"@id\":\"\/#organization\"},\"potentialAction\":[{\"@type\":\"SearchAction\",\"target\":{\"@type\":\"EntryPoint\",\"urlTemplate\":\"\/?s={search_term_string}\"},\"query-input\":{\"@type\":\"PropertyValueSpecification\",\"valueRequired\":true,\"valueName\":\"search_term_string\"}}],\"inLanguage\":\"ca\"},{\"@type\":\"Organization\",\"@id\":\"\/#organization\",\"name\":\"Hotel Can Pamplona\",\"url\":\"\/\",\"logo\":{\"@type\":\"ImageObject\",\"inLanguage\":\"ca\",\"@id\":\"\/#\/schema\/logo\/image\/\",\"url\":\"https:\/\/canpamplona.com\/wp-content\/uploads\/2025\/03\/LogoCanPamplonatopocolor-02.jpg\",\"contentUrl\":\"https:\/\/canpamplona.com\/wp-content\/uploads\/2025\/03\/LogoCanPamplonatopocolor-02.jpg\",\"width\":2480,\"height\":2480,\"caption\":\"Hotel Can Pamplona\"},\"image\":{\"@id\":\"\/#\/schema\/logo\/image\/\"},\"sameAs\":[\"https:\/\/www.facebook.com\/HotelCanPamplona\",\"https:\/\/www.instagram.com\/hotelcanpamplonavic\/\"]}]}<\/script>\n<!-- \/ Yoast SEO plugin. -->","yoast_head_json":{"title":"Header - Hotel Can Pamplona | Hotel A Vic | Web Oficial","robots":{"index":"index","follow":"follow","max-snippet":"max-snippet:-1","max-image-preview":"max-image-preview:large","max-video-preview":"max-video-preview:-1"},"canonical":"https:\/\/canpamplona.com\/ca\/?elementskit_template=header","og_locale":"ca_ES","og_type":"article","og_title":"Header - Hotel Can Pamplona | Hotel En Vic | Web Oficial","og_description":"Oferta web 5% (+34) 93 883 31 12 Facebook Instagram Inicio Habitaciones Reserva tu estancia hoy mismo Consulta disponibilidad en las fechas de tu preferencia para dar inicio a tu experiencia en Hotel Can Pamplona Consultar disponibilidad Ver todas las habitaciones Servicios e instalaciones El Hotel Descubre nuestro hotel con encanto en el centro de [&hellip;]","og_url":"https:\/\/canpamplona.com\/ca\/?elementskit_template=header","og_site_name":"Hotel Can Pamplona | Hotel En Vic | Web Oficial","article_publisher":"https:\/\/www.facebook.com\/HotelCanPamplona","article_modified_time":"2026-01-08T18:07:32+00:00","og_image":[{"url":"https:\/\/canpamplona.com\/wp-content\/uploads\/2023\/06\/cropped-LogoCanPamplonatopocolor-02-removebg-preview-1-300x300.png","type":"","width":"","height":""}],"twitter_card":"summary_large_image","twitter_misc":{"Temps estimat de lectura":"8 minuts"},"schema":{"@context":"https:\/\/schema.org","@graph":[{"@type":"WebPage","@id":"https:\/\/canpamplona.com\/?elementskit_template=header","url":"https:\/\/canpamplona.com\/?elementskit_template=header","name":"Header - Hotel Can Pamplona | Hotel A Vic | Web Oficial","isPartOf":{"@id":"\/#website"},"primaryImageOfPage":{"@id":"https:\/\/canpamplona.com\/?elementskit_template=header#primaryimage"},"image":{"@id":"https:\/\/canpamplona.com\/?elementskit_template=header#primaryimage"},"thumbnailUrl":"https:\/\/canpamplona.com\/wp-content\/uploads\/2023\/06\/cropped-LogoCanPamplonatopocolor-02-removebg-preview-1-300x300.png","datePublished":"2023-06-08T09:51:22+00:00","dateModified":"2026-01-08T18:07:32+00:00","breadcrumb":{"@id":"https:\/\/canpamplona.com\/?elementskit_template=header#breadcrumb"},"inLanguage":"ca","potentialAction":[{"@type":"ReadAction","target":["https:\/\/canpamplona.com\/?elementskit_template=header"]}]},{"@type":"ImageObject","inLanguage":"ca","@id":"https:\/\/canpamplona.com\/?elementskit_template=header#primaryimage","url":"https:\/\/canpamplona.com\/wp-content\/uploads\/2023\/06\/cropped-LogoCanPamplonatopocolor-02-removebg-preview-1-300x300.png","contentUrl":"https:\/\/canpamplona.com\/wp-content\/uploads\/2023\/06\/cropped-LogoCanPamplonatopocolor-02-removebg-preview-1-300x300.png"},{"@type":"BreadcrumbList","@id":"https:\/\/canpamplona.com\/?elementskit_template=header#breadcrumb","itemListElement":[{"@type":"ListItem","position":1,"name":"Portada","item":"https:\/\/canpamplona.com\/"},{"@type":"ListItem","position":2,"name":"Header"}]},{"@type":"WebSite","@id":"\/#website","url":"\/","name":"Hotel Can Pamplona | Hotel A Vic | Web Oficial","description":"Hotel Can Pamplona \u00e9s un hotel a Vic B&amp;B. Un hotel urb\u00e0 rehabilitat amb un estil modern i al preu m\u00e9s econ\u00f2mic. Reserva aqu\u00ed.","publisher":{"@id":"\/#organization"},"potentialAction":[{"@type":"SearchAction","target":{"@type":"EntryPoint","urlTemplate":"\/?s={search_term_string}"},"query-input":{"@type":"PropertyValueSpecification","valueRequired":true,"valueName":"search_term_string"}}],"inLanguage":"ca"},{"@type":"Organization","@id":"\/#organization","name":"Hotel Can Pamplona","url":"\/","logo":{"@type":"ImageObject","inLanguage":"ca","@id":"\/#\/schema\/logo\/image\/","url":"https:\/\/canpamplona.com\/wp-content\/uploads\/2025\/03\/LogoCanPamplonatopocolor-02.jpg","contentUrl":"https:\/\/canpamplona.com\/wp-content\/uploads\/2025\/03\/LogoCanPamplonatopocolor-02.jpg","width":2480,"height":2480,"caption":"Hotel Can Pamplona"},"image":{"@id":"\/#\/schema\/logo\/image\/"},"sameAs":["https:\/\/www.facebook.com\/HotelCanPamplona","https:\/\/www.instagram.com\/hotelcanpamplonavic\/"]}]}},"_links":{"self":[{"href":"https:\/\/canpamplona.com\/ca\/wp-json\/wp\/v2\/elementskit-template\/2474","targetHints":{"allow":["GET"]}}],"collection":[{"href":"https:\/\/canpamplona.com\/ca\/wp-json\/wp\/v2\/elementskit-template"}],"about":[{"href":"https:\/\/canpamplona.com\/ca\/wp-json\/wp\/v2\/types\/elementskit_template"}],"version-history":[{"count":15,"href":"https:\/\/canpamplona.com\/ca\/wp-json\/wp\/v2\/elementskit-template\/2474\/revisions"}],"predecessor-version":[{"id":4252,"href":"https:\/\/canpamplona.com\/ca\/wp-json\/wp\/v2\/elementskit-template\/2474\/revisions\/4252"}],"wp:attachment":[{"href":"https:\/\/canpamplona.com\/ca\/wp-json\/wp\/v2\/media?parent=2474"}],"curies":[{"name":"wp","href":"https:\/\/api.w.org\/{rel}","templated":true}]}}

<!-- This site is optimized with the Yoast SEO plugin v27.1.1 - https://yoast.com/product/yoast-seo-wordpress/ -->
<title>Header - Hotel Can Pamplona | Hotel En Vic | Web Oficial</title>
<meta name="robots" content="index, follow, max-snippet:-1, max-image-preview:large, max-video-preview:-1" />
<link rel="canonical" href="https://canpamplona.com/ca/?elementskit_template=header" />
<meta property="og:locale" content="ca_ES" />
<meta property="og:type" content="article" />
<meta property="og:title" content="Header - Hotel Can Pamplona | Hotel En Vic | Web Oficial" />
<meta property="og:description" content="Oferta web 5% (+34) 93 883 31 12 Facebook Instagram Inicio Habitaciones Reserva tu estancia hoy mismo Consulta disponibilidad en las fechas de tu preferencia para dar inicio a tu experiencia en Hotel Can Pamplona Consultar disponibilidad Ver todas las habitaciones Servicios e instalaciones El Hotel Descubre nuestro hotel con encanto en el centro de [&hellip;]" />
<meta property="og:url" content="https://canpamplona.com/ca/?elementskit_template=header" />
<meta property="og:site_name" content="Hotel Can Pamplona | Hotel En Vic | Web Oficial" />
<meta property="article:publisher" content="https://www.facebook.com/HotelCanPamplona" />
<meta property="article:modified_time" content="2026-01-08T18:07:32+00:00" />
<meta property="og:image" content="https://canpamplona.com/wp-content/uploads/2023/06/cropped-LogoCanPamplonatopocolor-02-removebg-preview-1-300x300.png" />
<meta name="twitter:card" content="summary_large_image" />
<meta name="twitter:label1" content="Temps estimat de lectura" />
	<meta name="twitter:data1" content="8 minuts" />
<script type="application/ld+json" class="yoast-schema-graph">{"@context":"https://schema.org","@graph":[{"@type":"WebPage","@id":"https://canpamplona.com/?elementskit_template=header","url":"https://canpamplona.com/?elementskit_template=header","name":"Header - Hotel Can Pamplona | Hotel En Vic | Web Oficial","isPartOf":{"@id":"/#website"},"primaryImageOfPage":{"@id":"https://canpamplona.com/?elementskit_template=header#primaryimage"},"image":{"@id":"https://canpamplona.com/?elementskit_template=header#primaryimage"},"thumbnailUrl":"https://canpamplona.com/wp-content/uploads/2023/06/cropped-LogoCanPamplonatopocolor-02-removebg-preview-1-300x300.png","datePublished":"2023-06-08T09:51:22+00:00","dateModified":"2026-01-08T18:07:32+00:00","breadcrumb":{"@id":"https://canpamplona.com/?elementskit_template=header#breadcrumb"},"inLanguage":"ca","potentialAction":[{"@type":"ReadAction","target":["https://canpamplona.com/?elementskit_template=header"]}]},{"@type":"ImageObject","inLanguage":"ca","@id":"https://canpamplona.com/?elementskit_template=header#primaryimage","url":"https://canpamplona.com/wp-content/uploads/2023/06/cropped-LogoCanPamplonatopocolor-02-removebg-preview-1-300x300.png","contentUrl":"https://canpamplona.com/wp-content/uploads/2023/06/cropped-LogoCanPamplonatopocolor-02-removebg-preview-1-300x300.png"},{"@type":"BreadcrumbList","@id":"https://canpamplona.com/?elementskit_template=header#breadcrumb","itemListElement":[{"@type":"ListItem","position":1,"name":"Portada","item":"https://canpamplona.com/"},{"@type":"ListItem","position":2,"name":"Header"}]},{"@type":"WebSite","@id":"/#website","url":"/","name":"Hotel Can Pamplona | Hotel En Vic | Web Oficial","description":"Hotel Can Pamplona es un hotel en Vic B&amp;B. Un hotel urbano rehabilitado con un estilo moderno y al precio más económico. Reserva aquí.","publisher":{"@id":"/#organization"},"potentialAction":[{"@type":"SearchAction","target":{"@type":"EntryPoint","urlTemplate":"/?s={search_term_string}"},"query-input":{"@type":"PropertyValueSpecification","valueRequired":true,"valueName":"search_term_string"}}],"inLanguage":"ca"},{"@type":"Organization","@id":"/#organization","name":"Hotel Can Pamplona","url":"/","logo":{"@type":"ImageObject","inLanguage":"ca","@id":"/#/schema/logo/image/","url":"https://canpamplona.com/wp-content/uploads/2025/03/LogoCanPamplonatopocolor-02.jpg","contentUrl":"https://canpamplona.com/wp-content/uploads/2025/03/LogoCanPamplonatopocolor-02.jpg","width":2480,"height":2480,"caption":"Hotel Can Pamplona"},"image":{"@id":"/#/schema/logo/image/"},"sameAs":["https://www.facebook.com/HotelCanPamplona","https://www.instagram.com/hotelcanpamplonavic/"]}]}</script>
<!-- / Yoast SEO plugin. -->

Hotel Can Pamplona és un hotel a Vic B&amp;B. Un hotel urbà rehabilitat amb un estil modern i al preu més econòmic. Reserva aquí.
